{"version":"1.0","provider_name":"P\u00f3l\u00f3k a k\u00f6z\u00e9ppontban","provider_url":"https:\/\/polok.cafeblog.hu","author_name":"P\u00f3l\u00f3 M\u00e1ni\u00e1s","author_url":"https:\/\/polok.cafeblog.hu\/author\/polo_peti\/","title":"Prom\u00f3ci\u00f3 menek\u00fcltekkel","html":"<p style=\"text-align: justify\"><strong>Tavaly a norv\u00e9g ell\u00e1t\u00f3rendszer csaknem \u00f6sszeroppant az orsz\u00e1gba \u00e9rkez\u0151 menek\u00fclt\u00e1radat s\u00falya alatt. Az 5 milli\u00f3s skandin\u00e1v \u00e1llamba hirtelen t\u00f6bb mint 31 ezer menek\u00fclt \u00e9rkezett, a Norv\u00e9g Menek\u00fclt\u00fcgyi Igazgat\u00f3s\u00e1g pedig \u00fagy oldotta meg a helyzetet, hogy mag\u00e1nk\u00e9zbe adta az utc\u00e1kon alv\u00f3 mened\u00e9kk\u00e9r\u0151k elhelyez\u00e9s\u00e9nek feladat\u00e1t.<\/strong><\/p>\r\n<p style=\"text-align: justify\">Hasonl\u00f3 \u00e1llami megb\u00edz\u00e1ssal egy\u00e9bk\u00e9nt N\u00e9metorsz\u00e1gban is m\u0171k\u00f6dnek c\u00e9gek, ott az\u00e9rt n\u00e9pszer\u0171ek a mag\u00e1nv\u00e1llalkoz\u00e1sok, mert j\u00f3val olcs\u00f3bban tudj\u00e1k elhelyezni a menek\u00fclteket, mint az \u00e1llam. Az European Homecare nev\u0171 szervezet p\u00e9ld\u00e1ul 1000 f\u0151s szem\u00e9lyzettel t\u00f6bb mint 150 ezer menek\u00fcltet l\u00e1t el. Az olcs\u00f3bb ell\u00e1t\u00e1snak azonban olyankor \u00e1ra van: a 2014-ben hatalmas nyeres\u00e9get zsebre rak\u00f3 ORS \u00e1ltal \u00fczemeltetett traiskirscheni osztr\u00e1k menek\u00fcltt\u00e1bor az UNHCR szerint rossz higi\u00e9niai k\u00f6r\u00fclm\u00e9nyei, zs\u00fafolts\u00e1ga \u00e9s rossz ell\u00e1totts\u00e1ga miatt alkalmatlan a feladata ell\u00e1t\u00e1s\u00e1ra, \u00e9s a t\u00e1borban embertelen k\u00f6r\u00fclm\u00e9nyek uralkodnak.<\/p>\r\n<p style=\"text-align: justify\">De nemcsak a menek\u00fcltekkel k\u00f6zvetlen\u00fcl egy\u00fctt dolgoz\u00f3 c\u00e9gek jutnak p\u00e9nzhez a menek\u00fcltkr\u00edzisben. A felfokozott n\u00e9met k\u00f6zhangulatot meglovagl\u00f3 prom\u00f3ci\u00f3s term\u00e9kek, p\u00e9ld\u00e1ul a \u201erefugees welcome\u201d felirat\u00fa <a href=\"http:\/\/www.polokozpont.hu\">p\u00f3l\u00f3<\/a>k n\u00e9pszer\u0171v\u00e9 v\u00e1l\u00e1s\u00e1val m\u00e9g az Amazon is keresett. N\u00e9metorsz\u00e1gban. A Bild c\u00edm\u0171 napilapot pedig azzal t\u00e1madt\u00e1k, hogy \u00f6nmaga rekl\u00e1moz\u00e1s\u00e1ra haszn\u00e1lja ki a menek\u00fcltv\u00e1ls\u00e1got. A n\u00e9met labdar\u00fag\u00e1s els\u0151 \u00e9s m\u00e1sodoszt\u00e1ly\u00e1ban minden csapattal meg\u00e1llapodtak, hogy a Bild \u00e1ltal ind\u00edtott Wir helfen (\u201eSeg\u00edt\u00fcnk\u201d)-kamp\u00e1ny log\u00f3j\u00e1val ell\u00e1tott mezben l\u00e9pnek p\u00e1ly\u00e1ra. Miut\u00e1n a hamburgi St. Pauli csapat visszal\u00e9pett a kezdem\u00e9nyez\u00e9st\u0151l, a Bild f\u0151szerkeszt\u0151je, Kai Diekmann a sz\u00e9ls\u0151jobboldali szervezetekhez hasonl\u00edtotta a csapatot. Erre tov\u00e1bbi 9 csapat hat\u00e1rol\u00f3dott el a Bild kezdem\u00e9nyez\u00e9s\u00e9t\u0151l, \u00e9s a k\u00f6zv\u00e9lem\u00e9ny a lap \u00edzl\u00e9stelen n\u00e9pszer\u0171s\u00edt\u00e9s\u00e9vel v\u00e1dolta a Bildet.<\/p>\r\n<p style=\"text-align: justify\">forr\u00e1s: www.hvg.hu<\/p>","type":"rich"}

Pólók a középpontban

Póló Mániás

Promóció menekültekkel

<p style="text-align: justify"><strong>Tavaly a norvég ellátórendszer csaknem összeroppant az országba érkező menekültáradat súlya alatt. Az 5 milliós skandináv államba hirtelen több mint 31 ezer menekült érkezett, a Norvég Menekültügyi Igazgatóság pedig úgy oldotta meg a helyzetet, hogy magánkézbe adta az utcákon alvó menedékkérők elhelyezésének feladatát.</strong></p>
<p style="text-align: justify">Hasonló állami megbízással egyébként Németországban is működnek cégek, ott azért népszerűek a magánvállalkozások, mert jóval olcsóbban tudják elhelyezni a menekülteket, mint az állam. Az European Homecare nevű szervezet például 1000 fős személyzettel több mint 150 ezer menekültet lát el. Az olcsóbb ellátásnak azonban olyankor ára van: a 2014-ben hatalmas nyereséget zsebre rakó ORS által üzemeltetett traiskirscheni osztrák menekülttábor az UNHCR szerint rossz higiéniai körülményei, zsúfoltsága és rossz ellátottsága miatt alkalmatlan a feladata ellátására, és a táborban embertelen körülmények uralkodnak.</p>
<p style="text-align: justify">De nemcsak a menekültekkel közvetlenül együtt dolgozó cégek jutnak pénzhez a menekültkrízisben. A felfokozott német közhangulatot meglovagló promóciós termékek, például a „refugees welcome” feliratú <a href="http://www.polokozpont.hu">póló</a>k népszerűvé válásával még az Amazon is keresett. Németországban. A Bild című napilapot pedig azzal támadták, hogy önmaga reklámozására használja ki a menekültválságot. A német labdarúgás első és másodosztályában minden csapattal megállapodtak, hogy a Bild által indított Wir helfen („Segítünk”)-kampány logójával ellátott mezben lépnek pályára. Miután a hamburgi St. Pauli csapat visszalépett a kezdeményezéstől, a Bild főszerkesztője, Kai Diekmann a szélsőjobboldali szervezetekhez hasonlította a csapatot. Erre további 9 csapat határolódott el a Bild kezdeményezésétől, és a közvélemény a lap ízléstelen népszerűsítésével vádolta a Bildet.</p>
<p style="text-align: justify">forrás: www.hvg.hu</p>
